106893 is divided by 61?
59
Calculate the remainder when 16126 is divided by 805.
26
What is the remainder when 3907712 is divided by 3907554?
158
Calculate the remainder when 192857859 is divided by 522650.
9
Calculate the remainder when 1385225 is divided by 1675.
0
Calculate the remainder when 17558755 is divided by 17558741.
14
Calculate the remainder when 37890018 is divided by 9472502.
10
Calculate the remainder when 393340 is divided by 250.
90
What is the remainder when 21303890 is divided by 278?
194
What is the remainder when 59492522 is divided by 28?
26
What is the remainder when 3747338 is divided by 642?
626
What is the remainder when 1003839 is divided by 7068?
183
Calculate the remainder when 800204 is divided by 57154.
48
What is the remainder when 4606 is divided by 1760?
1086
What is the remainder when 847216 is divided by 2780?
2096
Calculate the remainder when 78609213 is divided by 418134.
21
What is the remainder when 840441 is divided by 154?
63
Calculate the remainder when 24402 is divided by 12164.
74
Calculate the remainder when 17869749 is divided by 16260.
9
Calculate the remainder when 6297788 is divided by 1049591.
242
Calculate the remainder when 186383 is divided by 640.
143
What is the remainder when 1093296 is divided by 362326?
6318
Calculate the remainder when 11300 is divided by 4034.
3232
What is the remainder when 556438 is divided by 4512?
1462
Calculate the remainder when 118041 is divided by 8519.
7294
What is the remainder when 103854 is divided by 14825?
79
What is the remainder when 23332 is divided by 952?
484
What is the remainder when 4826590 is divided by 72?
70
Calculate the remainder when 151656853 is divided by 3953.
8
What is the remainder when 2318668 is divided by 49333?
17
Calculate the remainder when 206570 is divided by 6550.
3520
Calculate the remainder when 27101 is divided by 2433.
338
Calculate the remainder when 128934 is divided by 16115.
14
Calculate the remainder when 33333045 is divided by 28.
25
What is the remainder when 7804133 is divided by 9?
8
What is the remainder when 641664 is divided by 17326?
602
Calculate the remainder when 185166 is divided by 606.
336
Calculate the remainder when 2841268 is divided by 1408.
1332
What is the remainder when 8553631 is divided by 2248?
2239
What is the remainder when 76921808 is divided by 159?
152
What is the remainder when 369900 is divided by 2991?
2007
Calculate the remainder when 43586285 is divided by 246250.
35
Calculate the remainder when 1183 is divided by 23.
10
Calculate the remainder when 16994325 is divided by 130.
75
Calculate the remainder when 28789083 is divided by 56.
43
What is the remainder when 11785661 is divided by 1389?
1385
What is the remainder when 181578 is divided by 1056?
1002
Calculate the remainder when 10650137 is divided by 1275.
62
Calculate the remainder when 170604 is divided by 6889.
5268
Calculate the remainder when 5523 is divided by 2296.
931
Calculate the remainder when 1190640 is divided by 3479.
822
Calculate the remainder when 218976 is divided by 3971.
571
What is the remainder when 9984691 is divided by 67923?
10
What is the remainder when 82269686 is divided by 4808?
4806
What is the remainder when 402802 is divided by 25172?
50
Calculate the remainder when 855987 is divided by 79.
22
Calculate the remainder when 48123 is divided by 2082.
237
Calculate the remainder when 205608 is divided by 68432.
312
What is the remainder when 13538116 is divided by 157?
6
Calculate the remainder when 34002 is divided by 6767.
167
Calculate the remainder when 19123 is divided by 6099.
826
What is the remainder when 235462 is divided by 77067?
4261
What is the remainder when 26873845 is divided by 2048?
2037
What is the remainder when 1004414 is divided by 250926?
710
What is the remainder when 1122799 is divided by 1090?
99
Calculate the remainder when 665314 is divided by 17059.
13
What is the remainder when 27052661 is divided by 1565?
71
What is the remainder when 744313 is divided by 82?
81
Calculate the remainder when 6759447 is divided by 205.
187
What is the remainder when 9416061 is divided by 587?
581
What is the remainder when 6157219 is divided by 106158?
55
What is the remainder when 4230051 is divided by 182?
7
What is the remainder when 4335972 is divided by 2191?
2174
Calculate the remainder when 2489599 is divided by 200.
199
Calculate the remainder when 110976 is divided by 358.
354
What is the remainder when 12728662 is divided by 234?
232
Calculate the remainder when 38535101 is divided by 5836.
5829
Calculate the remainder when 17844262 is divided by 6.
4
What is the remainder when 719219 is divided by 179785?
79
What is the remainder when 31129 is divided by 1313?
930
Calculate the remainder when 582716 is divided by 47.
10
What is the remainder when 53296 is divided by 126?
124
What is the remainder when 2358075 is divided by 1333?
1331
Calculate the remainder when 121716 is divided by 1171.
1103
Calculate the remainder when 16349279 is divided by 12.
11
Calculate the remainder when 488882 is divided by 42.
2
Calculate the remainder when 222045 is divided by 771.
768
What is the remainder when 4194837 is divided by 123377?
19
Calculate the remainder when 1120752 is divided by 62235.
522
What is the remainder when 3633715 is divided by 67290?
55
What is the remainder when 2570975 is divided by 107123?
23
Calculate the remainder when 1535664 is divided by 511482.
1218
What is the remainder when 323407 is divided by 67?
65
Calculate the remainder when 87194 is divided by 40886.
5422
Calculate the remainder when 142933 is divided by 133284.
9649
What is the remainder when 24695 is divided by 734?
473
Calculate the remainder when 359497 is divided by 13803.
619
What is the remainder when 69581092 is divided by 66?
64
Calculate the remainder when 43592155 is divided by 14530713.
16
What is the remainder when 134146263 is divided by 20?
3
What is the remainder when 1516913 is divided by 1044?
1025
Calculate the remainder when 117147595 is divided by 200.
195
Calculate the remainder when 7154431 is divided by 894303.
7
What is the remainder when 5013 is divided by 42?
15
What is the remainder when 3190992 is divided by 5530?
182
Calculate the remainder when 32906 is divided by 10661.
923
Calculate the remainder when 1411490 is divided by 55.
25
Calculate the remainder when 317009 is divided by 157983.
1043
Calculate the remainder when 590867 is divided by 3436.
3311
What is the remainder when 2322327 is divided by 5207?
5
What is the remainder when 2107054 is divided by 702308?
130
Calculate the remainder when 341747 is divided by 232.
11
What is the remainder when 54503 is divided by 1553?
148
Calculate the remainder when 201556 is divided by 4275.
631
Calculate the remainder when 12008167 is divided by 113.
109
Calculate the remainder when 27563606 is divided by 207245.
21
What is the remainder when 1177160134 is divided by 1477?
1473
Calculate the remainder when 346618 is divided by 1540.
118
Calculate the remainder when 235534213 is divided by 29.
12
What is the remainder when 45324205 is divided by 1209?
4
Calculate the remainder when 604615 is divided by 30.
25
What is the remainder when 178994 is divided by 3085?
64
What is the remainder when 53631 is divided by 1672?
127
Calculate the remainder when 113233699 is divided by 6223.
6214
What is the remainder when 135538 is divided by 33849?
142
Calculate the remainder when 1388873 is divided by 1359.
1334
Calculate the remainder when 21752 is divided by 3080.
192
Calculate the remainder when 65136059 is divided by 1388.
1383
Calculate the remainder when 1614412 is divided by 534446.
11074
Calculate the remainder when 1524822 is divided by 381186.
78
What is the remainder when 16446 is divided by 490?
276
What is the remainder when 335910 is divided by 3326?
3310
Calculate the remainder when 6864083 is divided by 412.
163
Calculate the remainder when 109343 is divided by 35090.
4073
What is the remainder when 2357160 is divided by 168365?
50
What is the remainder when 285300 is divided by 142496?
308
Calculate the remainder when 21606965 is divided by 10803479.
7
What is the remainder when 15094881 is divided by 3773709?
45
Wha